-2))/(2/(-12))?
8
What is the remainder when 11 is divided by (18/8 - 2)*(54 + -46)?
1
Let c be (-215)/(-25) + 4/10. Suppose c*t = 596 + 277. Calculate the remainder when t is divided by 25.
22
Let c = -4 - -26. Let k = -8 + c. Suppose 2*f - f - 45 = 4*u, 3*f = -3*u + 60. What is the remainder when f is divided by k?
11
Let r be (-4)/12*0 + 4. Suppose 7*x = r*x + 87. Suppose 0 = -3*s + 34 + 11. Calculate the remainder when x is divided by s.
14
Let w = -24 - -22. Let l(g) = -9*g**2 + 2*g + 4. Let q be l(w). Calculate the remainder when 17 is divided by (q/42)/(2/(-14)).
5
Let f be (-140)/(-42)*9/(-5). What is the remainder when 54 is divided by 18/f + 2 + 21 + -1?
16
Let p = 98 - 70. What is the remainder when p is divided by 15*(-1 - (-34)/17)?
13
Calculate the remainder when 823/6 - (-2)/(-12) is divided by 21.
11
Calculate the remainder when 843 is divided by (-1 + 8)/1 - (-62 + -25).
91
Let j be (-447)/(-6) - 5/10. Suppose k - j = -0*k. Suppose -5*u = -61 - k. Calculate the remainder when u is divided by 7.
6
Suppose -128 = -4*c - 12*c. Calculate the remainder when 3/(-5) + (-312)/(-20) is divided by c.
7
Suppose 2*f + t + 41 = 252, 3*f + 4*t - 309 = 0. Calculate the remainder when f is divided by 11.
8
Suppose 159 + 183 = 18*f. Let u = -44 + 117. Calculate the remainder when u is divided by f.
16
Let d(v) = 5*v + 59. Let z be d(-10). Suppose -w + z*l = 12*l - 2, 5*l = 5*w - 70. What is the remainder when 12 is divided by w?
1
Suppose 2*n - 4*y + 5*y = 34, -5*n + 92 = -y. What is the remainder when n is divided by 10?
8
Suppose 5*b + 49 + 39 = 4*y, -b + 66 = 3*y. Suppose y = 3*v + 2*p - 6, 5*v - 5*p = 80. What is the remainder when 20 is divided by v?
8
Let f(c) = c**3 - 3*c**2 - 2*c - 3. Let q = -121 - -145. Calculate the remainder when f(6) is divided by q.
21
Let z = -74 - -98. Calculate the remainder when 354/(-3)*1*-1 is divided by z.
22
Let x(b) = 139*b - 1. Let y be x(1). Suppose -y = -5*q - 28. Let v(i) = 2*i**3 + 15*i**2 - 3*i + 16. Calculate the remainder when v(-7) is divided by q.
20
Suppose 2*h = -3*f - 1, 32 = 3*h - f + 6. Calculate the remainder when 19 is divided by h.
5
Let x be 4/(-6)*33/(-22). Let c(m) = 4*m. Let t be c(x). Suppose -t*j = j - 145. What is the remainder when j is divided by 11?
7
Calculate the remainder when 531 is divided by 144/(-396) - (-294)/22.
11
Suppose 0 = -8*j + 3*j + 120. What is the remainder when 0 + 1*75*(-10)/(-15) is divided by j?
2
Let i = 111 + -65. Suppose -11*d + 521 + 480 = 0. Calculate the remainder when d is divided by i.
45
Let t = -749 - -997. What is the remainder when t is divided by 11?
6
Suppose -21*c + 5 = -20*c. What is the remainder when c + (-7)/((-14)/(-4)) is divided by 2?
1
Calculate the remainder when 31 is divided by (3/((-27)/30))/((-6)/27).
1
Calculate the remainder when 38/(-8 - (-246)/30) is divided by 49.
43
Suppose -5*h = 20, -5*q + 3*h + 0 = 133. Let b = -5 - q. Suppose 3*o - 5*o = -26. What is the remainder when b is divided by o?
11
Suppose -10*d - 17 + 427 = 0. Calculate the remainder when d is divided by 28.
13
Let x be 3/((2 - -1) + -6) + -4. Let y(k) = -3*k**2 - 19*k - 2. What is the remainder when 78 is divided by y(x)?
6
Suppose -7*q - 4 = -9*q. Let k be (3 + 0)/(q - 1). Suppose 65 = 2*a - 3*d, k*a + 5*d - 54 - 91 = 0. Calculate the remainder when a is divided by 14.
12
Let r = -11 + 15. Let n be (1/r)/((-1)/(-8)). Calculate the remainder when 25 is divided by (56/n)/2*1.
11
Suppose -20*j + 123 - 3 = 0. Calculate the remainder when 633 is divided by j.
3
Suppose 3*s + 234 = -105. Let l = s + 46. Let k = -43 - l. What is the remainder when k is divided by 13?
11
Suppose 5*b = -2*c + 370, 8*b - 6*b = -2*c + 364. Calculate the remainder when c is divided by 174.
6
Let u = 1617 - 691. Calculate the remainder when u is divided by 29.
27
Let d be -33*11/(99/6). Let t = d - -57. What is the remainder when 243 is divided by t?
33
Let n = -6 - -8. Let u be 1*3/(3/n). Suppose 14 - u = 2*h - 2*j, 5*h = j + 50. What is the remainder when 41 is divided by h?
8
Let v(z) = -2*z**3 + 2*z**2 + 5*z. Let f be (-2)/(1*(-4)/8). Let l be v(f). Let t = -38 - l. What is the remainder when t is divided by 13?
12
Let w be (-8 - -5) + (-175)/1 + 0. Let z = 338 + w. What is the remainder when z is divided by 23?
22
Suppose 14*s - 645 = 19*s. Let m = -123 - s. What is the remainder when 62 is divided by m?
2
Suppose 2*o - 4 = 0, 2*q = -2*o + 58 + 126. What is the remainder when q is divided by 27?
9
Suppose 0 - 20 = 4*b, -4*b = 3*z - 133. Suppose c - z = 5. Calculate the remainder when c is divided by (2 - 3)*1 + 20.
18
Let f = -16 - -26. Suppose 37 = -18*z + 163. What is the remainder when f is divided by z?
3
What is the remainder when 0 + 3/(18/1074) is divided by 5?
4
Suppose o - 6 = 2*i, -4*o = -2*i + 8 - 2. Calculate the remainder when (-3)/9 + 354/9 - o is divided by 6.
1
Suppose -8*f + 12 = -4*f. What is the remainder when 6 is divided by 1 + (-2)/(-6)*f?
0
Let v(p) = -p**3 + 18 + 7*p**3 + 15*p + 15*p**2 - 5*p**3. What is the remainder when 16 is divided by v(-14)?
0
Suppose -39 = -b + 18*c - 14*c, -2*c - 105 = -5*b. Calculate the remainder when b is divided by 9.
1
Let m(d) = 2*d**3 + 33*d**2 + 49*d + 65. Suppose 2*t = s + 1, -2*s - 3*s + 5*t = -20. What is the remainder when s is divided by m(-15)?
4
Suppose -3*f = -1 - 8. Let q(y) = 24*y + 4. Let d be q(f). Suppose -42 = -2*b - 5*r, 2*b + 2*r + d = 7*b. What is the remainder when b is divided by 9?
7
Let r be (-2)/(3/(-18)*2). Suppose -r*p = -p - 50. Calculate the remainder when 49 is divided by p.
9
Suppose -21*s = -26*s - 85. Let o = 27 + s. What is the remainder when 39 is divided by o?
9
Suppose 0 = 37*u - 46*u + 918. What is the remainder when u is divided by 21?
18
Let n = 46 - 19. Let g(l) = -14*l - 4. Let f = -14 + 10. What is the remainder when g(f) is divided by n?
25
Suppose 5*u - 270 + 55 = 0. What is the remainder when u is divided by 3?
1
Let y(i) = -i**2 - i + 4. Let g(j) = j**3 - 10*j**2 - 11. Let t be g(10). Let q(k) = k**3 + 11*k**2 + 10. Calculate the remainder when q(t) is divided by y(0).
2
Let m(b) = 17*b - 1. Let k = 79 + -67. Calculate the remainder when m(2) is divided by k.
9
Suppose 4*k - 912 = -b - 3*b, -4*k = -4*b - 912. Let y = k - -17. Calculate the remainder when y is divided by 62.
59
Suppose 3*h - 2*c = -c + 111, 5*h = -c + 193. Calculate the remainder when h is divided by (-42)/(-9)*156/91.
6
Let j(n) = 5*n**3 - 6*n**2 - n + 3*n + 2*n**2 - 2*n**3. Let x = -9 - -31. What is the remainder when x is divided by j(2)?
10
Let m be (40/(-16))/((-1)/2). Suppose -33 = -m*g + 22. Let w(x) = -17*x - 2. Calculate the remainder when w(-2) is divided by g.
10
Suppose 5*m + g = 3*m + 123, -m + 2*g + 49 = 0. Calculate the remainder when m is divided by (3 - (-2 + 1 + 3))*20.
19
What is the remainder when (-8 - 328/(-40))/((-1)/(-2995)) is divided by 50?
49
Let a = 21 + -10. What is the remainder when ((-27)/4)/(258/(-1032)) is divided by a?
5
Let o(q) = -q**3 - 52*q**2 + 2*q + 113. What is the remainder when 92 is divided by o(-52)?
2
Suppose i = 5*i - 8. Suppose 3*g - g = i*b + 14, 3*g = b + 15. Calculate the remainder when 9 is divided by g.
1
Let h = 195 - 125. Suppose 2*z = -5*z + h. Calculate the remainder when 37 is divided by z.
7
Suppose 5*o - 299 = -3*q, -5*o + 515 = -0*q + 5*q. What is the remainder when q is divided by 36?
0
Suppose -2*r = 36*d - 35*d, 0 = 5*d - 5*r - 45. Suppose v - 96 = -3*v. What is the remainder when v is divided by d?
0
Suppose -3*j = -17 + 2. Let k = -8 + 9. Suppose -j*o + k + 1 = -3*d, -o - 4 = -5*d. What is the remainder when 3 is divided by o?
0
Calculate the remainder when 108 is divided by (-124)/(-8) + 30/(-20).
10
Let c(i) = i**3 + 8*i**2 - 5*i - 9. Calculate the remainder when 1485 is divided by c(-6).
90
Suppose 9*z = -759 + 1488. What is the remainder when z is divided by 60?
21
Let h(j) be the second derivative of j**4/12 + 2*j**3/3 + j**2/2 + 13*j. Let y be 9/(-18) - (-26)/(-4). Calculate the remainder when 43 is divided by h(y).
21
Suppose 0 = z - 3*g - 26, -3 = -2*g - 11. Suppose 28 = -o + 37. What is the remainder when z is divided by o?
5
Let c(w) = 54*w**3 - 2*w**2 + w. Suppose 3*h = -3*h + 180. Let n = -16 + h. What is the remainder when c(1) is d